{"id":96,"date":"2019-01-02T15:59:28","date_gmt":"2019-01-02T15:59:28","guid":{"rendered":"http:\/\/triquency.de\/?page_id=96"},"modified":"2026-01-25T15:49:11","modified_gmt":"2026-01-25T15:49:11","slug":"unser-team","status":"publish","type":"page","link":"https:\/\/triquency.de\/?page_id=96","title":{"rendered":"Unser Team"},"content":{"rendered":"\n<p>Du\nbist Student(in) oder Mitarbeiter(in) der Hochschule Ostwestfahlen Lippe oder\nder Hochschule f\u00fcr Musik Detmold und hast Lust bei Radio Triquency mitzumachen?\nEs gibt viele verschiedene Aufgaben, die auch du \u00fcbernehmen kannst. Dazu\ngeh\u00f6ren z.B.:<\/p>\n\n\n\n<ul class=\"wp-block-list\">\n<li><strong>Recherchen und Interviews<\/strong><\/li>\n\n\n\n<li><strong>Musikauswahl<\/strong><\/li>\n\n\n\n<li><strong>Moderation<\/strong><\/li>\n\n\n\n<li><strong>Organisation<\/strong><\/li>\n\n\n\n<li><strong>Technik<\/strong><\/li>\n\n\n\n<li><strong>Promotion<\/strong><\/li>\n\n\n\n<li><strong>Social Media<\/strong><\/li>\n<\/ul>\n\n\n\n<p>Wenn du mehr dar\u00fcber erfahren willst, dann besuch uns im Studio am MP Geb\u00e4ude in Detmold oder schick uns direkt eine Mail an&nbsp;<a href=\"mailto:info@triquency.de\">info@triquency.de<\/a>. Bei uns bei\u00dft niemand\u2026 und wir haben Kaffee.<\/p>\n\n\n\n<div class=\"wp-block-group\"><div class=\"wp-block-group__inner-container is-layout-constrained wp-block-group-is-layout-constrained\">\n<figure class=\"wp-block-gallery has-nested-images columns-default is-cropped wp-block-gallery-1 is-layout-flex wp-block-gallery-is-layout-flex\">\n<figure class=\"wp-block-image size-large\"><img loading=\"lazy\" decoding=\"async\" width=\"683\" height=\"1024\" data-id=\"1517\" src=\"https:\/\/triquency.de\/wp-content\/uploads\/2026\/01\/Foto-14-1-683x1024.jpg\" alt=\"\" class=\"wp-image-1517\" srcset=\"https:\/\/triquency.de\/wp-content\/uploads\/2026\/01\/Foto-14-1-683x1024.jpg 683w, https:\/\/triquency.de\/wp-content\/uploads\/2026\/01\/Foto-14-1-200x300.jpg 200w, https:\/\/triquency.de\/wp-content\/uploads\/2026\/01\/Foto-14-1-768x1152.jpg 768w, https:\/\/triquency.de\/wp-content\/uploads\/2026\/01\/Foto-14-1-1024x1536.jpg 1024w, https:\/\/triquency.de\/wp-content\/uploads\/2026\/01\/Foto-14-1-1365x2048.jpg 1365w, https:\/\/triquency.de\/wp-content\/uploads\/2026\/01\/Foto-14-1-scaled.jpg 1707w\" sizes=\"auto, (max-width: 683px) 100vw, 683px\" \/><figcaption class=\"wp-element-caption\">Fabienne &#8211; Projektleitung\/ Moderation<\/figcaption><\/figure>\n\n\n\n<figure class=\"wp-block-image size-large\"><img loading=\"lazy\" decoding=\"async\" width=\"683\" height=\"1024\" data-id=\"1518\" src=\"https:\/\/triquency.de\/wp-content\/uploads\/2026\/01\/Foto-11-683x1024.jpg\" alt=\"\" class=\"wp-image-1518\" srcset=\"https:\/\/triquency.de\/wp-content\/uploads\/2026\/01\/Foto-11-683x1024.jpg 683w, https:\/\/triquency.de\/wp-content\/uploads\/2026\/01\/Foto-11-200x300.jpg 200w, https:\/\/triquency.de\/wp-content\/uploads\/2026\/01\/Foto-11-768x1152.jpg 768w, https:\/\/triquency.de\/wp-content\/uploads\/2026\/01\/Foto-11-1024x1536.jpg 1024w, https:\/\/triquency.de\/wp-content\/uploads\/2026\/01\/Foto-11-1365x2048.jpg 1365w, https:\/\/triquency.de\/wp-content\/uploads\/2026\/01\/Foto-11-scaled.jpg 1707w\" sizes=\"auto, (max-width: 683px) 100vw, 683px\" \/><figcaption class=\"wp-element-caption\">Arno &#8211; Moderation<\/figcaption><\/figure>\n\n\n\n<figure class=\"wp-block-image size-large\"><img loading=\"lazy\" decoding=\"async\" width=\"683\" height=\"1024\" data-id=\"1520\" src=\"https:\/\/triquency.de\/wp-content\/uploads\/2026\/01\/Foto-9-683x1024.jpg\" alt=\"\" class=\"wp-image-1520\" srcset=\"https:\/\/triquency.de\/wp-content\/uploads\/2026\/01\/Foto-9-683x1024.jpg 683w, https:\/\/triquency.de\/wp-content\/uploads\/2026\/01\/Foto-9-200x300.jpg 200w, https:\/\/triquency.de\/wp-content\/uploads\/2026\/01\/Foto-9-768x1152.jpg 768w, https:\/\/triquency.de\/wp-content\/uploads\/2026\/01\/Foto-9-1024x1536.jpg 1024w, https:\/\/triquency.de\/wp-content\/uploads\/2026\/01\/Foto-9-1366x2048.jpg 1366w, https:\/\/triquency.de\/wp-content\/uploads\/2026\/01\/Foto-9-scaled.jpg 1707w\" sizes=\"auto, (max-width: 683px) 100vw, 683px\" \/><figcaption class=\"wp-element-caption\">Amelie &#8211; Moderation \/ Podcast Host<\/figcaption><\/figure>\n\n\n\n<figure class=\"wp-block-image size-large\"><img loading=\"lazy\" decoding=\"async\" width=\"845\" height=\"1024\" data-id=\"1521\" src=\"https:\/\/triquency.de\/wp-content\/uploads\/2026\/01\/Foto-5-845x1024.jpg\" alt=\"\" class=\"wp-image-1521\" srcset=\"https:\/\/triquency.de\/wp-content\/uploads\/2026\/01\/Foto-5-845x1024.jpg 845w, https:\/\/triquency.de\/wp-content\/uploads\/2026\/01\/Foto-5-247x300.jpg 247w, https:\/\/triquency.de\/wp-content\/uploads\/2026\/01\/Foto-5-768x931.jpg 768w, https:\/\/triquency.de\/wp-content\/uploads\/2026\/01\/Foto-5-1267x1536.jpg 1267w, https:\/\/triquency.de\/wp-content\/uploads\/2026\/01\/Foto-5-1689x2048.jpg 1689w, https:\/\/triquency.de\/wp-content\/uploads\/2026\/01\/Foto-5.jpg 2039w\" sizes=\"auto, (max-width: 845px) 100vw, 845px\" \/><figcaption class=\"wp-element-caption\">Simon &#8211; Moderation \/ Reporter<\/figcaption><\/figure>\n\n\n\n<figure class=\"wp-block-image size-large\"><img loading=\"lazy\" decoding=\"async\" width=\"683\" height=\"1024\" data-id=\"1522\" src=\"https:\/\/triquency.de\/wp-content\/uploads\/2026\/01\/Foto-1-683x1024.jpg\" alt=\"\" class=\"wp-image-1522\" srcset=\"https:\/\/triquency.de\/wp-content\/uploads\/2026\/01\/Foto-1-683x1024.jpg 683w, https:\/\/triquency.de\/wp-content\/uploads\/2026\/01\/Foto-1-200x300.jpg 200w, https:\/\/triquency.de\/wp-content\/uploads\/2026\/01\/Foto-1-768x1152.jpg 768w, https:\/\/triquency.de\/wp-content\/uploads\/2026\/01\/Foto-1-1024x1536.jpg 1024w, https:\/\/triquency.de\/wp-content\/uploads\/2026\/01\/Foto-1-1366x2048.jpg 1366w, https:\/\/triquency.de\/wp-content\/uploads\/2026\/01\/Foto-1-scaled.jpg 1707w\" sizes=\"auto, (max-width: 683px) 100vw, 683px\" \/><figcaption class=\"wp-element-caption\">Perik &#8211; Reporter<\/figcaption><\/figure>\n\n\n\n<figure class=\"wp-block-image size-large\"><img loading=\"lazy\" decoding=\"async\" width=\"683\" height=\"1024\" data-id=\"1523\" src=\"https:\/\/triquency.de\/wp-content\/uploads\/2026\/01\/Foto-3-683x1024.jpg\" alt=\"\" class=\"wp-image-1523\" srcset=\"https:\/\/triquency.de\/wp-content\/uploads\/2026\/01\/Foto-3-683x1024.jpg 683w, https:\/\/triquency.de\/wp-content\/uploads\/2026\/01\/Foto-3-200x300.jpg 200w, https:\/\/triquency.de\/wp-content\/uploads\/2026\/01\/Foto-3-768x1152.jpg 768w, https:\/\/triquency.de\/wp-content\/uploads\/2026\/01\/Foto-3-1024x1536.jpg 1024w, https:\/\/triquency.de\/wp-content\/uploads\/2026\/01\/Foto-3-1365x2048.jpg 1365w, https:\/\/triquency.de\/wp-content\/uploads\/2026\/01\/Foto-3-scaled.jpg 1707w\" sizes=\"auto, (max-width: 683px) 100vw, 683px\" \/><figcaption class=\"wp-element-caption\">Mathias- Reporter<\/figcaption><\/figure>\n<\/figure>\n<\/div><\/div>\n\n\n\n<figure class=\"wp-block-gallery has-nested-images columns-4 wp-block-gallery-2 is-layout-flex wp-block-gallery-is-layout-flex\">\n<figure class=\"wp-block-image size-large\"><img loading=\"lazy\" decoding=\"async\" width=\"683\" height=\"1024\" data-id=\"1526\" src=\"https:\/\/triquency.de\/wp-content\/uploads\/2026\/01\/Foto-13-683x1024.jpg\" alt=\"\" class=\"wp-image-1526\" srcset=\"https:\/\/triquency.de\/wp-content\/uploads\/2026\/01\/Foto-13-683x1024.jpg 683w, https:\/\/triquency.de\/wp-content\/uploads\/2026\/01\/Foto-13-200x300.jpg 200w, https:\/\/triquency.de\/wp-content\/uploads\/2026\/01\/Foto-13-768x1152.jpg 768w, https:\/\/triquency.de\/wp-content\/uploads\/2026\/01\/Foto-13-1024x1536.jpg 1024w, https:\/\/triquency.de\/wp-content\/uploads\/2026\/01\/Foto-13-1365x2048.jpg 1365w, https:\/\/triquency.de\/wp-content\/uploads\/2026\/01\/Foto-13-scaled.jpg 1706w\" sizes=\"auto, (max-width: 683px) 100vw, 683px\" \/><figcaption class=\"wp-element-caption\">Chantal &#8211; Musikredaktion<\/figcaption><\/figure>\n\n\n\n<figure class=\"wp-block-image size-large\"><img loading=\"lazy\" decoding=\"async\" width=\"683\" height=\"1024\" data-id=\"1524\" src=\"https:\/\/triquency.de\/wp-content\/uploads\/2026\/01\/Foto-6-683x1024.jpg\" alt=\"\" class=\"wp-image-1524\" srcset=\"https:\/\/triquency.de\/wp-content\/uploads\/2026\/01\/Foto-6-683x1024.jpg 683w, https:\/\/triquency.de\/wp-content\/uploads\/2026\/01\/Foto-6-200x300.jpg 200w, https:\/\/triquency.de\/wp-content\/uploads\/2026\/01\/Foto-6-768x1152.jpg 768w, https:\/\/triquency.de\/wp-content\/uploads\/2026\/01\/Foto-6-1024x1536.jpg 1024w, https:\/\/triquency.de\/wp-content\/uploads\/2026\/01\/Foto-6-1366x2048.jpg 1366w, https:\/\/triquency.de\/wp-content\/uploads\/2026\/01\/Foto-6-scaled.jpg 1707w\" sizes=\"auto, (max-width: 683px) 100vw, 683px\" \/><figcaption class=\"wp-element-caption\">Lea &#8211; Musikredaktion \/ Reporterin<\/figcaption><\/figure>\n\n\n\n<figure class=\"wp-block-image size-large\"><img loading=\"lazy\" decoding=\"async\" width=\"683\" height=\"1024\" data-id=\"1525\" src=\"https:\/\/triquency.de\/wp-content\/uploads\/2026\/01\/Foto-16-683x1024.jpg\" alt=\"\" class=\"wp-image-1525\" srcset=\"https:\/\/triquency.de\/wp-content\/uploads\/2026\/01\/Foto-16-683x1024.jpg 683w, https:\/\/triquency.de\/wp-content\/uploads\/2026\/01\/Foto-16-200x300.jpg 200w, https:\/\/triquency.de\/wp-content\/uploads\/2026\/01\/Foto-16-768x1152.jpg 768w, https:\/\/triquency.de\/wp-content\/uploads\/2026\/01\/Foto-16-1024x1536.jpg 1024w, https:\/\/triquency.de\/wp-content\/uploads\/2026\/01\/Foto-16-1365x2048.jpg 1365w, https:\/\/triquency.de\/wp-content\/uploads\/2026\/01\/Foto-16-scaled.jpg 1707w\" sizes=\"auto, (max-width: 683px) 100vw, 683px\" \/><figcaption class=\"wp-element-caption\">Leonie &#8211; Musikredaktion<\/figcaption><\/figure>\n<\/figure>\n\n\n\n<figure class=\"wp-block-gallery has-nested-images columns-4 wp-block-gallery-3 is-layout-flex wp-block-gallery-is-layout-flex\">\n<figure class=\"wp-block-image size-large\"><img loading=\"lazy\" decoding=\"async\" width=\"1707\" height=\"2560\" data-id=\"1541\" src=\"https:\/\/triquency.de\/wp-content\/uploads\/2026\/01\/Foto-69-2-edited-scaled.jpg\" alt=\"\" class=\"wp-image-1541\" srcset=\"https:\/\/triquency.de\/wp-content\/uploads\/2026\/01\/Foto-69-2-edited-scaled.jpg 1707w, https:\/\/triquency.de\/wp-content\/uploads\/2026\/01\/Foto-69-2-edited-200x300.jpg 200w, https:\/\/triquency.de\/wp-content\/uploads\/2026\/01\/Foto-69-2-edited-683x1024.jpg 683w, https:\/\/triquency.de\/wp-content\/uploads\/2026\/01\/Foto-69-2-edited-768x1152.jpg 768w, https:\/\/triquency.de\/wp-content\/uploads\/2026\/01\/Foto-69-2-edited-1024x1536.jpg 1024w, https:\/\/triquency.de\/wp-content\/uploads\/2026\/01\/Foto-69-2-edited-1365x2048.jpg 1365w\" sizes=\"auto, (max-width: 1707px) 100vw, 1707px\" \/><figcaption class=\"wp-element-caption\">Lauris &#8211; Foto &amp; Video \/ Social Media<\/figcaption><\/figure>\n\n\n\n<figure class=\"wp-block-image size-large\"><img loading=\"lazy\" decoding=\"async\" width=\"683\" height=\"1024\" data-id=\"1537\" src=\"https:\/\/triquency.de\/wp-content\/uploads\/2026\/01\/Foto-4-2-683x1024.jpg\" alt=\"\" class=\"wp-image-1537\" srcset=\"https:\/\/triquency.de\/wp-content\/uploads\/2026\/01\/Foto-4-2-683x1024.jpg 683w, https:\/\/triquency.de\/wp-content\/uploads\/2026\/01\/Foto-4-2-200x300.jpg 200w, https:\/\/triquency.de\/wp-content\/uploads\/2026\/01\/Foto-4-2-768x1152.jpg 768w, https:\/\/triquency.de\/wp-content\/uploads\/2026\/01\/Foto-4-2-1024x1536.jpg 1024w, https:\/\/triquency.de\/wp-content\/uploads\/2026\/01\/Foto-4-2-1365x2048.jpg 1365w, https:\/\/triquency.de\/wp-content\/uploads\/2026\/01\/Foto-4-2-scaled.jpg 1707w\" sizes=\"auto, (max-width: 683px) 100vw, 683px\" \/><figcaption class=\"wp-element-caption\">Angelina &#8211; Praktikantin \/ Reporterin<\/figcaption><\/figure>\n\n\n\n<figure class=\"wp-block-image size-full\"><img loading=\"lazy\" decoding=\"async\" width=\"1024\" height=\"1024\" data-id=\"1542\" src=\"https:\/\/triquency.de\/wp-content\/uploads\/2026\/01\/1000087117_25c794d25d542af4189c382e261ed1ee-20.11.2023-16_08_42-1024x1024-2.jpg\" alt=\"\" class=\"wp-image-1542\" srcset=\"https:\/\/triquency.de\/wp-content\/uploads\/2026\/01\/1000087117_25c794d25d542af4189c382e261ed1ee-20.11.2023-16_08_42-1024x1024-2.jpg 1024w, https:\/\/triquency.de\/wp-content\/uploads\/2026\/01\/1000087117_25c794d25d542af4189c382e261ed1ee-20.11.2023-16_08_42-1024x1024-2-300x300.jpg 300w, https:\/\/triquency.de\/wp-content\/uploads\/2026\/01\/1000087117_25c794d25d542af4189c382e261ed1ee-20.11.2023-16_08_42-1024x1024-2-150x150.jpg 150w, https:\/\/triquency.de\/wp-content\/uploads\/2026\/01\/1000087117_25c794d25d542af4189c382e261ed1ee-20.11.2023-16_08_42-1024x1024-2-768x768.jpg 768w\" sizes=\"auto, (max-width: 1024px) 100vw, 1024px\" \/><figcaption class=\"wp-element-caption\">Frank &#8211; Chefredakteur<\/figcaption><\/figure>\n<\/figure>\n\n\n\n<div class=\"wp-block-group is-nowrap is-layout-flex wp-container-core-group-is-layout-ad2f72ca wp-block-group-is-layout-flex\"><\/div>\n\n\n\n<p><\/p>\n","protected":false},"excerpt":{"rendered":"<p>Du bist Student(in) oder Mitarbeiter(in) der Hochschule Ostwestfahlen Lippe oder der Hochschule f\u00fcr Musik Detmold und hast Lust bei Radio Triquency mitzumachen? Es gibt viele verschiedene Aufgaben, die auch du \u00fcbernehmen kannst. Dazu geh\u00f6ren z.B.: Wenn du mehr dar\u00fcber erfahren willst, dann besuch uns im Studio am MP Geb\u00e4ude in Detmold oder schick uns direkt [&hellip;]<\/p>\n","protected":false},"author":1,"featured_media":0,"parent":0,"menu_order":0,"comment_status":"closed","ping_status":"closed","template":"","meta":{"footnotes":""},"class_list":["post-96","page","type-page","status-publish","hentry"],"_links":{"self":[{"href":"https:\/\/triquency.de\/index.php?rest_route=\/wp\/v2\/pages\/96","targetHints":{"allow":["GET"]}}],"collection":[{"href":"https:\/\/triquency.de\/index.php?rest_route=\/wp\/v2\/pages"}],"about":[{"href":"https:\/\/triquency.de\/index.php?rest_route=\/wp\/v2\/types\/page"}],"author":[{"embeddable":true,"href":"https:\/\/triquency.de\/index.php?rest_route=\/wp\/v2\/users\/1"}],"replies":[{"embeddable":true,"href":"https:\/\/triquency.de\/index.php?rest_route=%2Fwp%2Fv2%2Fcomments&post=96"}],"version-history":[{"count":35,"href":"https:\/\/triquency.de\/index.php?rest_route=\/wp\/v2\/pages\/96\/revisions"}],"predecessor-version":[{"id":1543,"href":"https:\/\/triquency.de\/index.php?rest_route=\/wp\/v2\/pages\/96\/revisions\/1543"}],"wp:attachment":[{"href":"https:\/\/triquency.de\/index.php?rest_route=%2Fwp%2Fv2%2Fmedia&parent=96"}],"curies":[{"name":"wp","href":"https:\/\/api.w.org\/{rel}","templated":true}]}}