{"id":293,"date":"2019-01-08T19:45:07","date_gmt":"2019-01-08T19:45:07","guid":{"rendered":"http:\/\/triquency.de\/?page_id=293"},"modified":"2023-11-21T09:57:26","modified_gmt":"2023-11-21T09:57:26","slug":"soundcloud","status":"publish","type":"page","link":"https:\/\/triquency.de\/?page_id=293","title":{"rendered":"SoundCloud"},"content":{"rendered":"\n<p>Ihr habt einen Beitrag oder eine Sendung  verpasst? Kein Problem, dann schaut doch einfach mal auf unserem SoundCloud Account vorbei! Dort k\u00f6nnt ihr euch alles jederzeit nachtr\u00e4glich oder einfach erneut immer und immer wieder anh\u00f6ren. \ud83d\ude42<\/p>\n\n\n\n<figure class=\"wp-block-embed is-type-rich is-provider-soundcloud wp-block-embed-soundcloud wp-embed-aspect-4-3 wp-has-aspect-ratio\"><div class=\"wp-block-embed__wrapper\">\n<iframe loading=\"lazy\" title=\"Triquency\" width=\"500\" height=\"450\" scrolling=\"no\" frameborder=\"no\" src=\"https:\/\/w.soundcloud.com\/player\/?visual=true&#038;url=https%3A%2F%2Fapi.soundcloud.com%2Fusers%2F5746374&#038;show_artwork=true&#038;maxheight=750&#038;maxwidth=500\"><\/iframe>\n<\/div><\/figure>\n","protected":false},"excerpt":{"rendered":"<p>Ihr habt einen Beitrag oder eine Sendung verpasst? Kein Problem, dann schaut doch einfach mal auf unserem SoundCloud Account vorbei! Dort k\u00f6nnt ihr euch alles jederzeit nachtr\u00e4glich oder einfach erneut immer und immer wieder anh\u00f6ren. \ud83d\ude42<\/p>\n","protected":false},"author":1,"featured_media":0,"parent":0,"menu_order":0,"comment_status":"closed","ping_status":"closed","template":"","meta":{"footnotes":""},"class_list":["post-293","page","type-page","status-publish","hentry"],"_links":{"self":[{"href":"https:\/\/triquency.de\/index.php?rest_route=\/wp\/v2\/pages\/293","targetHints":{"allow":["GET"]}}],"collection":[{"href":"https:\/\/triquency.de\/index.php?rest_route=\/wp\/v2\/pages"}],"about":[{"href":"https:\/\/triquency.de\/index.php?rest_route=\/wp\/v2\/types\/page"}],"author":[{"embeddable":true,"href":"https:\/\/triquency.de\/index.php?rest_route=\/wp\/v2\/users\/1"}],"replies":[{"embeddable":true,"href":"https:\/\/triquency.de\/index.php?rest_route=%2Fwp%2Fv2%2Fcomments&post=293"}],"version-history":[{"count":4,"href":"https:\/\/triquency.de\/index.php?rest_route=\/wp\/v2\/pages\/293\/revisions"}],"predecessor-version":[{"id":1257,"href":"https:\/\/triquency.de\/index.php?rest_route=\/wp\/v2\/pages\/293\/revisions\/1257"}],"wp:attachment":[{"href":"https:\/\/triquency.de\/index.php?rest_route=%2Fwp%2Fv2%2Fmedia&parent=293"}],"curies":[{"name":"wp","href":"https:\/\/api.w.org\/{rel}","templated":true}]}}